e c(7).
4
Let q(t) be the second derivative of t**7/840 + t**6/40 + 3*t**5/40 + 7*t**4/24 + 7*t**3/3 + 18*t. Let c(j) be the second derivative of q(j). Calculate c(-8).
-1
Suppose -d = -4*y, 2*d + 0*y - 5*y = 3. Let m(k) = 7*k - 2. Let x = 107 + -110. Let l(z) = -4*z + 1. Let f(r) = x*m(r) - 5*l(r). Give f(d).
-3
Suppose 5*b + 3*s - 2883 = 0, b + 4*s - 618 = -38. Let m(p) = -p - p**2 + 4*p + 572 - b. Calculate m(4).
-8
Let q(p) be the third derivative of p**4/24 + 5*p**3/6 - 43*p**2. What is q(-5)?
0
Suppose -6 = 3*m + p - 4*p, 3*m + p + 26 = 0. Let k(z) = z**3 + 6*z**2 - 5*z + 16. Give k(m).
2
Let v(f) be the third derivative of -f**6/120 + f**5/12 + f**4/24 - f**3/2 - 9*f**2. Let q = -564 + 570. Determine v(q).
-33
Let f(z) = -4 + 1 + 2*z + 3 + 1. Let s(j) = 5*j + 3. Let h(t) = -8*f(t) + 3*s(t). Calculate h(4).
-3
Let f(m) be the second derivative of m**5/20 - m**4/3 + m**2 - 11*m. Give f(4).
2
Let y(k) = 6*k - 2. Let x(r) = 13*r - 4. Let w(l) = 3*x(l) - 7*y(l). Let c(f) = 6*f - 5. Let a(t) = -6*c(t) - 13*w(t). Give a(-6).
-14
Let g(o) = 2*o - 6. Let p(x) be the third derivative of -x**4/8 + 13*x**3/6 + 7*x**2. Let q(f) = -5*g(f) - 3*p(f). What is q(0)?
-9
Suppose i = 6*w - 5*w, 5*w - 4*i + 1 = 0. Let z(n) = -37*n. Give z(w).
37
Let w(o) = o**2 - 6*o - 3. Let f be 75/12 + 3/(-12). Suppose 0 = c - 2*u - 8 - f, -4*c + 4 = 5*u. Give w(c).
-3
Let l be ((-18)/(-14))/((-48)/(-112)). Let i(q) be the third derivative of -q**4/4 + q**3/6 + q**2. Calculate i(l).
-17
Let w(n) = -3*n + 5. Let q(m) = 13*m - 19. Let t(c) = -2*q(c) - 9*w(c). Let g(u) = u**2 - 3*u - 1. Let a be g(5). Give t(a).
2
Let y(x) = 5*x**3 - x**2 + x. Suppose 8*g - 81 = -73. Give y(g).
5
Let u be (2/(-6))/(66/990). Let m(b) = 4*b**2 - b. Let l(g) = -5*g**2 - 1. Let s(w) = 5*l(w) + 6*m(w). What is s(u)?
0
Suppose 6 = 2*b - 2. Suppose -b*k = -5*k. Let w(v) = 2*v**2 - v**2 + 334 + v - 326. Determine w(k).
8
Let c(l) = 4*l**2 + 4*l**2 + 1 - 7*l + 2*l**3 - 4*l**2. Let h(d) = 2*d**3 + 3*d**2 - 6*d + 1. Let m(o) = 4*c(o) - 5*h(o). Give m(2).
-9
Let z(i) = -4*i. Suppose -a - 2 = -y, 3*a = a - 3*y + 11. Let u be 0/(-1) + 0 + a. Give z(u).
-4
Let i(p) be the second derivative of -p**4/12 - 2*p**3/3 + p**2/2 - p. Let r be 2 - (3 + -3 + 2). Suppose -4*v = -h - r*v - 12, 0 = -4*h + 2*v - 20. Give i(h).
1
Let a(l) = l**3 + 5*l**2 - 12*l + 6. Let x be a(-7). Let u(k) = k**2 + 8*k + 9. Determine u(x).
9
Suppose -p - 12 = -3*p - 3*a, 5*p - 7 = 4*a. Let q(x) = 5*x**p + 47*x**2 + x - 46*x**2 + 0*x**3. Calculate q(-1).
-5
Let x(q) = -2*q**3 + q**2 - 4. Let i(z) = -3*z**3 + z - 6. Let w(v) = 3*i(v) - 4*x(v). What is w(-5)?
8
Let b(o) = -o**3 + 4*o**2 + 6*o + 4. Suppose -3*v - 4*y + 26 = 0, -v + 5*y + 1 = -14. Suppose 3*x = x + v. Determine b(x).
9
Let o(l) be the third derivative of l**6/120 + l**5/4 + 17*l**4/24 - 7*l**3/6 + 689*l**2. What is o(-14)?
-49
Let x(z) = z**2 + 2. Suppose 11*p = 10*p. Let m be x(p). Suppose m - 22 = 4*a. Let b(s) = -s - 6. Give b(a).
-1
Suppose -9*y = 12*y + 21. Let z(t) = -5*t. Determine z(y).
5
Let a(j) = -4*j - 2. Let f(o) = -o**3 - 15*o**2 + 3*o + 30. Let q be f(-15). Calculate a(q).
58
Let p(n) = n**3 + n**2 - 2*n. Suppose 2*b - 3 = -11. Let l be 3 + -7 - -22 - b. Let u = 20 - l. Calculate p(u).
0
Let k(j) = -2*j + 3. Let w = -95 + 102. Let t be (w - 4) + -2 - -7. Calculate k(t).
-13
Let t(w) = w**3 - 2*w**2 - 4*w + 1. Let l be t(-2). Let y(k) = -4*k - 10. Determine y(l).
18
Let q(n) = -3*n**3 - 5*n**2 - 2*n - 1. Let d(w) = w**2 - 43*w - 47. Let i be d(44). What is q(i)?
41
Let y(s) be the first derivative of s**5/120 - s**4/3 + s**3/3 + 5. Let h(v) be the third derivative of y(v). Determine h(6).
-2
Let k(j) = -39*j + 21. Let d(y) be the third derivative of -11*y**4/24 + y**3 + 16*y**2. Let b(w) = -18*d(w) + 5*k(w). Determine b(2).
3
Let n(m) be the first derivative of m**3/3 - 5*m**2 + 2*m - 7. Let i be n(10). Let w(a) = -3 + i*a + 6*a + 2 + a. Give w(1).
8
Let k(m) = 11*m**3 + 42*m**2 - 16*m - 5. Let j(c) = -5*c**3 - 20*c**2 + 8*c + 2. Let f(t) = 13*j(t) + 6*k(t). Determine f(7).
3
Let r be (-27)/(-6)*(-2)/(-3)*36. Suppose -17*w = -5*w + r. Let v(j) = -2*j - 5. What is v(w)?
13
Let x(q) be the third derivative of -q**7/5040 - q**6/120 - 7*q**5/60 - 13*q**2. Let z(j) be the third derivative of x(j). Determine z(-3).
-3
Let v(k) be the first derivative of -k**2/2 + 8*k - 307. Determine v(6).
2
Let z(h) be the second derivative of 1/2*h**3 + 1/20*h**5 + 0*h**2 + 5/12*h**4 + 0 + 26*h. Determine z(-3).
9
Let i(g) be the second derivative of -1/24*g**4 + 0*g**2 + 0 + 1/24*g**5 - 3*g + g**3 - 1/360*g**6. Let r(j) be the second derivative of i(j). Give r(2).
5
Let t(j) = -15*j - 60. Let a(z) = -3*z - 12. Let n(r) = 24*a(r) - 5*t(r). Determine n(4).
24
Let v(o) = -17*o**2 + 60*o + 2. Let f(d) = -11*d**2 + 38*d + 1. Let i(l) = 8*f(l) - 5*v(l). Let u(a) = a - 3. Let h be u(5). Calculate i(h).
-6
Let y(m) = -11*m + 10. Let i(n) = -4*n + 1. Let d(a) = -3*i(a) + y(a). Calculate d(-11).
-4
Let y be (-342)/(-95)*(20/6)/(-1). Let k(s) = -s**3 - 11*s**2 + 11*s - 6. What is k(y)?
6
Suppose 0 = -8*t + 7 + 25. Let l(k) = k**3 - 6*k**2 + 4*k - 5. Determine l(t).
-21
Let x(c) = -11*c**3 - 18*c**2 - 8*c + 8. Let o(p) = 2*p**3 + p**2 - p + 1. Let n(d) = -6*o(d) - x(d). What is n(13)?
-1
Suppose 5*j - 9 = -3*n, -2*j - 6 = -5*n + 9. Let b(g) = -g + 1 + g**3 + j - 2. Let y be 2*4/(-3 + -1). Calculate b(y).
-7
Let m(l) = -l**2 + 3*l - 2. Let c be ((-32)/40)/((-2)/10). Suppose 3*d = -c*u + 14, -4*d = 3*u - 0*u - 14. Determine m(d).
0
Let r(w) = w**3 + 4*w**2 + w + 4. Suppose 455 + 85 = 5*h. Suppose 2*i = h - 38. Let s = 32 - i. Give r(s).
10
Let x = -15 + 12. Let b(y) be the first derivative of y**4/4 + 4*y**3/3 + 2*y**2 - y + 7. What is b(x)?
-4
Let o(s) be the first derivative of -s**2 + 10*s - 85. Determine o(3).
4
Let r(l) = 76*l - 21. Let k(n) = 27*n - 7. Let j(f) = 17*k(f) - 6*r(f). Determine j(-3).
-2
Let p(i) = -2*i**2 - 13*i + 6. Let a(c) = 3*c + 32. Let v be a(-13). Determine p(v).
-1
Let k(j) = -j - 16. Suppose 25*t + 211 = 11. Give k(t).
-8
Let v(p) be the second derivative of -p**4/12 - p**3/3 - p**2/2 - p + 107. Calculate v(5).
-36
Suppose 6 + 5 = -t + w, -2*t - 5*w - 43 = 0. Let h(m) = -m - 19. Determine h(t).
-5
Let z(i) be the first derivative of -i**2/2 - 9*i + 11. Let l be 2/4*(-9 + 1). Determine z(l).
-5
Let c(m) = -11*m + 5*m + 6*m - 10*m**2. Suppose 2 = -0*s + 2*s. What is c(s)?
-10
Let l(b) be the first derivative of b**2/2 + 13*b + 15. What is l(-7)?
6
Let k(i) be the second derivative of -i**7/210 - i**6/180 - i**5/120 - 3*i**3/2 - 13*i. Let w(z) be the second derivative of k(z). Give w(-1).
3
Let p(r) = -r**2 + 5*r - 6. Let o(z) = -15 + z + 0*z + 16. Let i(h) = -o(h) - p(h). Let j(m) = -6*m - 1. Let k be j(-1). Give i(k).
0
Let j be 72/28*14/3. Let v(g) = g + 4. Let w be v(-2). Suppose w*c = -c - j. Let i(f) = 2*f**2 + 4*f - 3. Calculate i(c).
13
Let y(j) = -j**3 + 6*j**2 + 2*j - 7. Let s be (-16)/(-2)*(-9 - -8). Let c = 12 - s. Suppose -5*f - c = 0, a + 0*f - 2 = -f. Determine y(a).
5
Suppose 0 = -2*v + 2*u + 10, 4*v + 2*u - 58 = -38. Let i(h) be the second derivative of h**4/12 - 2*h**3/3 - 3*h**2 + 5*h. Give i(v).
-1
Let x be (1 - -2) + (-18 - -11). Let l be x/8 + (-78)/(-12). Let p(i) = i**2 - i - 12. Let s(j) = j**2 - 13. Let a(r) = 5*p(r) - 4*s(r). Calculate a(l).
-2
Let n(o) be the third derivative of o**5/30 - 7*o**4/24 + o**3 + 66*o**2. Give n(4).
10
Let v = 3 - -1. Suppose -3*y - n - 6 = 0, -4*n = 2*y - 6*n - v. Let r(s) = 6*s**2 + 6*s**2 - s - 3*s**2 - s**2. Calculate r(y).
9
Let q(w) = 2*w**2 - 1. Let l be q(-2). Suppose l*v - 2*v - 10 = 0. Suppose -8 = -0*i + v*i. Let x(r) = r**2 + 3*r + 6. Give x(i).
10
Let p(i) = -i**2 + 4*i + 19. Let v = -266 - -273. Give p(v).
-2
Suppose -95 = -5*x - 20. Let i = x + -12. Let y(k) = k**3 - k**2 - 5*k + 2. Determine y(i).
5
Let i(k) = k**3 - 2 + 29*k**2 - 11 - 21*k**2 + 6*k. What is i(-7)?
-6
Let l = 1823 - 1824. Let h(y) = y**2 - 4*y. Determine h(l).
5
Let g(z) = z**3 - 7*z**2 + 5*z + 12. Let b(s) = s**2 - 20*s + 105. Let x be b(9). Give g(x).
6
Let z(k) = 4*k + 8. Let p(h) = -h - 2. Let i(x) = -2*p(x) - z(x). Give i(5).
-14
Let l(q) = -2*q - 20*q - 11*q + q**2 + 21 + 21*q. Calculate l(9).
-6
Let b(m) be the third de